 the prime factors of (l - 0)/(d/(-20)).
5, 7
Suppose 3*b = 2*o - 3, -5*b + 6 = 1. Suppose -x - o = -2*x. Let a(i) = -i**3 + 4*i**2 - i - 1. What are the prime factors of a(x)?
5
Let g(f) = 10*f**2 + 0 + 2*f + 12 + 5*f**2 - 8*f**2. What are the prime factors of g(4)?
2, 3, 11
Let o = 133 + 152. Let b = o - 133. List the prime factors of b.
2, 19
Let j = -11 - -20. Let o(z) = -z**3 - 5*z**2 + 11*z + 5. Let k(l) = -2*l**3 - 11*l**2 + 23*l + 9. Let b(p) = j*o(p) - 4*k(p). List the prime factors of b(-5).
2, 37
Suppose 2*d - 3983 = v, d + 2*v - 2788 = -809. What are the prime factors of d?
3, 13, 17
Suppose 55*q = 68*q - 65. What are the prime factors of q?
5
Let v be 4*(-3)/(12/22). Let p(w) = -2*w**2 + 8. Let q be p(5). Let i = v - q. What are the prime factors of i?
2, 5
Let m = 3733 + -2581. What are the prime factors of m?
2, 3
Suppose 2*c + 12 = 6*c. Let g = c + 11. Suppose 16 = 5*x - g. What are the prime factors of x?
2, 3
Let q(h) = 343*h - 77. Let z(a) = -a + 1. Let x(y) = 10*y - 3. Let b(m) = x(m) + z(m). Let f(n) = -77*b(n) + 2*q(n). List the prime factors of f(-1).
7
Let r(m) = -2 + m**2 - 7 + m**2 + 0*m**2. What are the prime factors of r(6)?
3, 7
Suppose -91 = 5*o + 4*c, 4*o - 4*c = -8*c - 76. Let j(g) = -g**2 - 15*g - 4. Let z be j(o). Let s(a) = 3*a**2 + 5*a + 5. What are the prime factors of s(z)?
3, 11
Let j(c) = 96*c**2 + 7*c + 5. What are the prime factors of j(-2)?
3, 5
Let l(v) = -2*v**2 + 0*v + 21 + 12*v + v**2. Let m be l(11). Let c = m + -21. What are the prime factors of c?
11
Let f(v) = 5*v**2 + 18*v + 31. List the prime factors of f(-12).
5, 107
Let d(a) = -2*a + 18. Let t be d(6). List the prime factors of t/(-9)*(-282)/4.
47
Let j = 55 - 24. Let q be 13/(65/(-10))*-2. Suppose -5*m = -j - q. What are the prime factors of m?
7
Suppose -153 = 4*p + c, 2*p + 75 = -c + 2*c. Let f = 94 + p. List the prime factors of f.
2, 7
Let k(f) = f**3 - 5*f**2 + 1. Let w(o) = 4*o**2. Let t be w(-1). Let a be k(t). Let n = a + 22. What are the prime factors of n?
7
Let a(d) = 43*d - 20. Let p = 64 + -60. What are the prime factors of a(p)?
2, 19
Let r(s) = 19*s**2 + 15*s - 17. List the prime factors of r(-10).
1733
Let o = 76 + -59. Suppose o = -5*t + 777. What are the prime factors of t?
2, 19
Suppose -4*h + 23 - 7 = 0. Suppose h*q - 38 = 102. Suppose -5*x - 2*w + q + 265 = 0, 2*w + 280 = 5*x. What are the prime factors of x?
2, 29
Suppose -4*v + 2 = -6. Let p be (-312)/(-3 + v) - 2. Suppose 0 = 4*g + 16, -4*b + 5*g + p = b. What are the prime factors of b?
2, 29
Suppose -5*n - 1 = -16. Suppose -9*l + 205 = -7*l - 3*w, -n*l + 309 = -3*w. List the prime factors of l.
2, 13
Let i be 14/5*(-25)/(-10). Suppose -i*x - 3 = -6*x. What are the prime factors of x + (6 - 3 - -2)?
2
Let w be 2/4*(16 + 0). Let b(i) = 3*i**2 + 28*i + 9. Let z be b(-9). Suppose z = w*c - 108 - 316. List the prime factors of c.
53
Let l(j) be the third derivative of j**5/60 + j**4/8 - 3*j**3/2 + j**2. Let x be l(6). Let k = x + -31. What are the prime factors of k?
2, 7
Suppose -12*h + 2 = -13*h. Let f(p) = -4*p**2 - p - 1. Let c(i) = 17*i**2 + 5*i + 3. Let b(g) = h*c(g) - 9*f(g). What are the prime factors of b(-4)?
3, 13
Let f(k) = 47*k**2 + 2*k - 7. Let d(w) = 23*w**2 + w - 4. Let z(p) = -5*d(p) + 3*f(p). Let n be z(-2). Let u = n + -66. What are the prime factors of u?
5, 7
Let a be 9*3 + (14 - 17). Let x = a + -14. List the prime factors of ((-58)/(-4))/(5/x).
29
Suppose -6*l - 2 + 14 = 0. Suppose 0*z = 4*h + l*z - 80, h + 4*z - 20 = 0. List the prime factors of h.
2, 5
Suppose 65 = -5*o + 430. Let k = o + -15. List the prime factors of k.
2, 29
Let u(m) = 32*m + 28. List the prime factors of u(10).
2, 3, 29
Suppose -7*z + 353 = 94. Let b = -6 + 8. Suppose b*a - 17 - z = 0. List the prime factors of a.
3
Suppose -4*w + 249 = -7*w. Let v = w - -85. What are the prime factors of v?
2
Let n be 3 - (1 - 2)*-1. Let x(w) = 10*w + 3*w**2 + 1 + 6*w - 4*w**n + 4. What are the prime factors of x(5)?
2, 3, 5
Let q = -2 + 2. Let f = 12 - 10. Suppose f*u - u - 14 = q. List the prime factors of u.
2, 7
What are the prime factors of 1 - (-24)/(-4) - 3507/(-7)?
2, 31
Let g be -1 - (-2 - (-3)/3). Let i = 3 - g. Suppose 4*v + i*c - 63 = -1, -5*v + 95 = -5*c. List the prime factors of v.
17
Suppose 2*q - 5*z = 831 + 1324, 0 = 5*z - 25. What are the prime factors of q?
2, 5, 109
Let z(m) = -m**3 - 5*m**2 - 6*m - 5. Let x be z(-4). Suppose x*h - d - 96 + 25 = 0, 2*d - 83 = -3*h. What are the prime factors of h?
5
List the prime factors of (-5*1*-39)/(28/532).
3, 5, 13, 19
Let v = 2470 + -2231. List the prime factors of v.
239
Let y(c) = -9 + 30*c**3 - 10*c**3 + 0*c**2 - 19*c**3 + c + 6*c**2. List the prime factors of y(-4).
19
Suppose 0 = h - 4*j - 125, 20 = -5*j + 5. Let d = -85 + h. What are the prime factors of d?
2, 7
Let i(y) = y**3 - 7*y**2 - 11*y + 11. Let g be i(10). Suppose -6*f - 3 + g = 0. List the prime factors of f.
3, 11
Suppose 23 = -2*t - t - 2*y, 12 = -4*t + 2*y. Let x(w) = 6*w**2 + 7*w + 1. List the prime factors of x(t).
2, 29
Let l = -27 + 31. Suppose 0 = -3*r + o + 69, -l*o - 3 = -15. List the prime factors of r.
2, 3
Suppose 3*k = -0*p - 2*p + 1026, p = 3*k + 504. List the prime factors of p.
2, 3, 5, 17
Let v(q) = q**3 - 7*q**2 + 7*q + 7. Let i be v(6). Let z be (0 - 1)/(-1)*(36 - 37). List the prime factors of (3 + (-3 - z))*i.
13
Let o = 8 - 14. Suppose -66*s = -60*s - 144. Let n = s + o. What are the prime factors of n?
2, 3
Let t = -1785 + 3133. Suppose -5*r + t = 263. What are the prime factors of r?
7, 31
Suppose 0*c - 5*f = c, 4*c = 5*f. Suppose c*h - 3*h + 318 = 0. List the prime factors of h.
2, 53
Let c(l) = -12 + 2 + 1 - 4 + 15*l. List the prime factors of c(6).
7, 11
Suppose -2*n + 4*n + 38 = 0. Let j = n + 34. What are the prime factors of j?
3, 5
Let u(i) = -6*i - 6 - 9 - 3*i + 9. List the prime factors of u(-13).
3, 37
Suppose -5*v = -50 - 5. Let w(y) = -2*y**3 + 22*y**2 + 14*y + 14. List the prime factors of w(v).
2, 3, 7
Suppose 0*o - o - 2 = 0, 324 = 2*q + 4*o. What are the prime factors of q?
2, 83
Let w(v) = -v**2 - 1. Let q(b) = 15*b**2 + 6*b + 11. Let y(s) = q(s) + 3*w(s). What are the prime factors of y(-3)?
2, 7
Suppose 0 = 4*s - 5 - 7. Let r(f) = f**2 + 4*f + 5. Let y be r(-3). Suppose 4*g - 56 = -y*v, -5*g = -2*g - s*v - 42. What are the prime factors of g?
2, 7
Let c be 14/(-70) + (-66)/(-5). List the prime factors of (-2)/13 + 275/c.
3, 7
Let b be (-256)/(-26) - 4/(-26). Suppose 8 = b*h - 82. What are the prime factors of h?
3
Let a = -70 - -143. Let c = a - 53. List the prime factors of c.
2, 5
Let s(d) = -89*d + 260. What are the prime factors of s(-18)?
2, 7, 19
Let r be (1 - -1) + 380/(-1). List the prime factors of r/(-70) - (-3)/5.
2, 3
Let v = 240 + -232. What are the prime factors of v?
2
Let x(k) be the third derivative of -k**6/360 + k**5/20 - k**4/24 + 3*k**3/2 - 9*k**2. Let v(p) be the first derivative of x(p). List the prime factors of v(4).
7
Let m = -87 + 665. What are the prime factors of m?
2, 17
What are the prime factors of 10*1*(-2303)/(-235)?
2, 7
Let v be 4 + (-2 - (-129 + 1)). Let k = v + -82. What are the prime factors of k?
2, 3
Let u = 3 - 4. Let x be (u + -1)*(-14)/(-4). Let b = x + 11. What are the prime factors of b?
2
Let k(f) = -12*f - 1. Suppose 3*h = h + 24. Suppose 2 = -2*t + q - 2*q, 3*q = 3*t + h. List the prime factors of k(t).
23
Let m(v) = -v**3 + 8*v**2 + 10*v - 11. Let o be m(9). Let t(r) be the second derivative of -5*r**3/6 + r**2 - r. What are the prime factors of t(o)?
2, 3
Let t(s) = -2*s**2 - 5*s + 22. Let i be t(-9). Let w = i + 185. What are the prime factors of w?
2, 3, 5
Let f(t) = 13*t - 5. Let q be f(2). Let p = 14 + q. What are the prime factors of p?
5, 7
Let p(m) be the second derivative of m**4/12 + m**3/6 - 7*m**2 + 14*m. What are the prime factors of p(-10)?
2, 19
What are the prime factors of 28/(-7) + 1831 + 6?
3, 13, 47
Suppose -4*t - 4740 = 25*z - 29*z, z - 1185 = 3*t. What are the prime factors of z?
3, 5, 79
Suppose -2*h = q + 2*q - 11, q + h = 4. Suppose 4*a + 41 = f, q*a + 55 + 50 = 3*f. Suppose 0 = f*j - 36*j + 126. List the prime factors of j.
2, 3, 7
Suppose 12486 = -53*i + 121878. List the prime factors of i.
2, 3, 43
Let w(g) = -g**3 + 16*g**2 + 18*g - 15.